 8.
111327
-1625264 (base 7) to base 10
-225152
22002020021202 (base 3) to base 10
4295477
What is 5642545 (base 9) in base 11?
1796806
What is -951648 (base 12) in base 5?
-1100031231
What is 2022032034 (base 5) in base 14?
78895c
Convert 1bf1b8 (base 16) to base 2.
110111111000110111000
Convert b4235 (base 13) to base 8.
1167415
-1203112 (base 8) to base 4
-1100121022
Convert 1645350 (base 8) to base 11.
2a7090
What is 51bb6 (base 15) in base 10?
259146
What is -325454 (base 9) in base 16?
-2f6ef
1645317 (base 8) to base 7
4030206
What is 51b88 (base 16) in base 8?
1215610
Convert 101011001000000001101 (base 2) to base 8.
5310015
What is -20010253 (base 7) in base 6?
-55205051
1ae31 (base 15) to base 3
11110010101
What is -111010022110 (base 3) in base 13?
-9074a
Convert 11021102212201 (base 3) to base 14.
4320c4
What is -25425c (base 14) in base 13?
-35a314
What is 135523031 (base 6) in base 9?
5228721
60015 (base 14) to base 5
24334030
Convert -310023232 (base 5) to base 16.
-13196c
What is -1012324 (base 5) in base 14?
-608d
Convert -1baaab9 (base 12) to base 16.
-5ac7ad
What is -25ba5 (base 12) in base 4?
-30221231
-2641306 (base 7) to base 5
-42034430
What is 102021242 (base 5) in base 11?
26a059
What is 28485 (base 15) in base 4?
133203323
What is -111010110011000101 (base 2) in base 4?
-322303011
1000100010010111101101 (base 2) to base 4
20202113231
What is 205126 (base 9) in base 11?
83601
214041142 (base 5) to base 14
1a0d11
What is 13030110 (base 4) in base 14?
aa44
What is -242753 (base 10) in base 9?
-408885
Convert -5aefd (base 16) to base 10.
-372477
22655255 (base 7) to base 15
296ade
What is 111100111010011100001 (base 2) in base 3?
10202101222222
-2a85192 (base 11) to base 5
-2322341022
Convert -176425 (base 10) to base 3.
-22222000021
Convert 708680 (base 10) to base 12.
2a2148
Convert -1110013101 (base 4) to base 13.
-c0a83
2ac48 (base 15) to base 16
21a28
Convert 1010111111010001010110 (base 2) to base 4.
22333101112
What is -c7268 (base 14) in base 16?
-755ac
What is 1010110011011110101 (base 2) in base 5?
42312122
What is 1267573 (base 9) in base 8?
2514317
What is -23239 (base 10) in base 16?
-5ac7
Convert -150333022 (base 6) to base 8.
-13664546
Convert -11000002 (base 3) to base 5.
-43133
What is -221012102022 (base 3) in base 13?
-144a0a
Convert 341121314 (base 5) to base 10.
1504584
Convert 10000101010100101000 (base 2) to base 12.
224034
Convert 6799d (base 15) to base 13.
b6ccb
Convert -126205333 (base 7) to base 10.
-8153281
Convert -34ba05 (base 13) to base 9.
-2321126
What is 311522112 (base 6) in base 7?
63650660
What is -60694a (base 12) in base 11?
-938572
-267692 (base 12) to base 9
-1167232
100010101111 (base 3) to base 16
2bda1
What is 4dc7db (base 15) in base 14?
6d42d4
-1000110011000000010 (base 2) to base 7
-2310255
Convert 2244921 (base 14) to base 13.
34b996b
Convert 1422001 (base 5) to base 9.
44567
-23760757 (base 9) to base 4
-230103112111
Convert 10c444 (base 14) to base 13.
17022c
What is -1ae46 (base 16) in base 6?
-2205542
What is 5632146 (base 7) in base 16?
aa2e3
Convert 837d7 (base 15) to base 8.
1456206
What is 1132120213 (base 4) in base 15?
79834
What is -ca70 (base 14) in base 6?
-425550
Convert -22ec8d (base 15) to base 4.
-12113233003
What is 51d16 (base 16) in base 11?
209870
Convert -1113031113 (base 4) to base 2.
-1010111001101010111
-19264 (base 14) to base 4
-33201220
What is -20201202222011 (base 3) in base 6?
-204404221
What is 1423514 (base 7) in base 5?
22102324
301035 (base 7) to base 5
3111130
Convert -20132033 (base 4) to base 8.
-103617
What is -2255052 (base 6) in base 14?
-30624
Convert 472050 (base 9) to base 12.
118176
What is -241554 (base 9) in base 7?
-1144162
Convert 538a1b (base 13) to base 15.
28b278
Convert -4076 (base 10) to base 15.
-131b
-a36d (base 15) to base 8
-103340
What is -1434ab (base 13) in base 15?
-9b0d0
What is 715a5 (base 15) in base 4?
1113221312
Convert 431251340 (base 6) to base 9.
15314626
1a7565 (base 11) to base 16
4d80e
328700 (base 9) to base 2
110000000000111100
-12414 (base 10) to base 3
-122000210
6c539 (base 13) to base 3
101002110102
What is -2547340 (base 10) in base 7?
-30436435
Convert -325706 (base 13) to base 9.
-2203008
What is 1033101012 (base 4) in base 10?
324678
-1100011001110100011 (base 2) to base 4
-1203032203
What is -17b7 (base 16) in base 2?
-1011110110111
-3244032220 (base 5) to base 14
-d09722
6b006 (base 13) to base 10
195539
What is 10311353 (base 6) in base 10?
304917
What is -412111123 (base 5) in base 16?
-19920c
13242014 (base 5) to base 6
2512225
Convert 31446563 (base 8) to base 6.
355411203
-1232102033 (base 4) to base 16
-6e48f
275496 (base 11) to base 14
b3533
Convert -667507 (base 10) to base 8.
-2427563
Convert -23001032033 (base 4) to base 7.
-33360356
What is 11011111111011 (base 2) in base 6?
150203
-29d5b (base 15) to base 7
-1100345
-169608 (base 10) to base 4
-221122020
100012211212000 (base 3) to base 7
56430003
24185276 (base 9) to base 11
6734951
Convert 336b34 (base 12) to base 3.
1112200210011
-1012022022020 (base 3) to base 14
-127a62
Convert 3c316c (base 16) to base 5.
2002213222
What is -22448 (base 12) in base 6?
-550532
What is -303151 (base 7) in base 12?
-259a7
Convert 1341604 (base 7) to base 8.
534213
What is -268870 (base 10) in base 11?
-174008
42322650 (base 8) to base 9
17868235
What is -334004401 (base 5) in base 4?
-11212232213
59a93d (base 14) to base 4
23230010323
1700548 (base 9) to base 11
596193
Convert -11120102020102 (base 3) to base 2.
-1001010001000100010001
What is -1333414002 (base 5) in base 14?
-65044d
-19b1e (base 15) to base 5
-10133004
Convert 60436036 (base 7) to base 14.
9488c6
10212130210 (base 4) to base 15
18c537
What is 8a4ff (base 16) in base 10?
566527
What is -1212120001200 (base 3) in base 7?
-11313153
What is -4655072 (base 9) in base 11?
-1469814
-26952 (base 13) to base 11
-4a017
-6b4ccc (base 14) to base 4
-31332102310
What is 324561333 (base 7) in base 13?
40719c3
12001121222 (base 3) to base 15
1e7a2
-122031113020 (base 4) to base 6
-403131424
-80a11 (base 14) to base 3
-120201021200
What is -1020304002 (base 5) in base 3?
-10222200001211
-7216625 (base 9) to base 4
-32223312131
-5b2b8 (base 16) to base 5
-43422212
-10010101010111101 (base 2) to base 7
-435652
-1bd53 (base 14) to base 10
-71221
194ac22 (base 13) to base 5
4111303331
Convert 32052203 (base 6) to base 7.
10663560
Convert -542b53 (base 12) to base 14.
-2696d9
-21524300 (base 8) to base 2
-10001101010100011000000
What is -373510 (base 11) in base 5?
-122341444
Convert 252521 (base 15) to base 16.
1b2845
-706856 (base 10) to base 15
-de68b
-20131221 (base 5) to base 4
-213122130
Convert f691 (base 16) to base 11.
43473
-a64b49 (base 16) to base 15
-e5419e
What is 241ac (base 16) in base 15?
2dc3e
Convert 151163 (base 7) to base 14.
a933
What is 113021532 (base 6) in base 3?
10221211010102
21254405 (base 6) to base 14
125617
Convert 11415542 (base 6) to base 16.
57f56
Convert 11301312122 (base 4) to base 2.
101110001110110011010
What is -45742 (base 10) in base 13?
-17a88
-760b0c (base 13) to base 2
-1010100100110101000000
-227b4 (base 16) to base 7
-1125524
-44799 (base 12) to base 5
-10402411
-120022021212 (base 3) to base 14
-7bb29
What is 5043453 (base 6) in base 7?
2014431
What is -6104036 (base 8) in base 7?
-16444126
Convert -24042 (base 7) to base 4.
-1200330
Convert 8a603 (base 12) to base 15.
397e0
Convert 1130113 (base 6) to base 12.
29939
6033 (base 10) to base 11
4595
Convert 914532 (base 10) to base 7.
10526163
-222321513 (base 7) to base 4
-303120002133
-20203221310 (base 4) to base 11
-12a2382
What is 10a84d (base 16) in base 11?
6861aa
Convert -196a9 (base 11) to base 8.
-65511
-223313003332 (base 4) to base 5
-10420411401
Convert -59a706 (base 12) to base 10.
-1449078
-87416 (base 9) to base 7
-330615
What is -224356334 (base 7) in base 3?
-221210122020122
Convert 5023444 (base 6) to base 16.
39c94
Convert 42229 (base 14) to base 13.
57836
215025635 (base 7) to base 11
7344216
Convert 393337 (base 11) to base 16.
97336
Convert 2302523 (base 6) to base 3.
12221212020
Convert -10001111001110011 (base 2) to base 5.
-4321311
What is 598367 (base 10) in base 4?
2102